 What is the greatest common factor of 8 and c?
8
Suppose -1813*y + 1818*y - 5*z - 600 = 0, y = 3*z + 122. Let u(v) = v**3 - 2*v**2 + 3*v - 1. Let o be u(3). Calculate the highest common divisor of y and o.
17
Let g(k) = k**2 + 5*k - 11. Let z be g(5). Calculate the greatest common divisor of 156 and z.
39
Suppose -2*k + 148 = -3*h - 83, 5*k - 583 = 2*h. Calculate the greatest common factor of 390 and k.
39
Let y = -62 - -92. Suppose 3*s - 49 = -4. What is the greatest common factor of y and s?
15
Let k be (-407)/77 + 2/7. Let t be (-434)/k + 2/10. Suppose -5*z + t = -78. What is the highest common divisor of z and 11?
11
Let h = 6 + -6. Suppose -2*n + n + 2*a + 10 = h, 4*n = 5*a + 52. Calculate the greatest common divisor of n and 162.
18
Suppose -21*k + 2260 = 748. Calculate the highest common factor of k and 225.
9
Suppose -77 = -2*a - 94*p + 91*p, 0 = 2*a + p - 67. What is the greatest common divisor of 465 and a?
31
Let b be ((-56)/20)/(((-2)/(-2))/(-50)). What is the greatest common factor of 105 and b?
35
Suppose -15 = -14*x + 9*x. Let k = x + 16. Let o = k + -6. Calculate the greatest common divisor of o and 91.
13
Let q = -121 + 221. Suppose -3*l = -8*l + 100. Calculate the greatest common divisor of q and l.
20
Suppose -4*m = s - 28, 0 = 5*s - 6*m + 2*m - 44. Suppose -s*n - 993 + 3873 = 0. What is the highest common factor of n and 15?
15
Let h = 403 + -370. What is the highest common divisor of h and 6?
3
Let f be (-5)/(-15) + -2 + 430/6. Let o be 296/14 + (-10)/f. What is the highest common factor of o and 14?
7
Suppose 2*l + 594 = -4*i, -144 = -0*i + i + 2*l. Let x be 1084/18 - (3 - i/(-54)). What is the highest common divisor of x and 15?
15
Let q = 24 + -13. Let y = -12 + 17. Suppose -x - 190 = -4*z + 27, 0 = -y*z + 2*x + 269. What is the greatest common divisor of z and q?
11
Let j(s) = -s**2 + 8*s + 3. Let b be j(7). Let o = -21 + 51. Suppose -2*g + o = -b. What is the greatest common divisor of 20 and g?
20
Let l = 108 - -319. What is the greatest common divisor of l and 61?
61
Let s(q) = -22*q - 98. Let r be s(-5). Calculate the highest common divisor of r and 6.
6
Let s be 515/35 - (-4)/14. Let k(b) = -b + 1. Let f be k(-7). Suppose -2*h + 21 = 5*z, 5*h - f = z + 4. Calculate the highest common factor of s and h.
3
Suppose 0 = 15*o - 271 - 1349. What is the greatest common divisor of o and 81?
27
Suppose 0 = -g + 1, -2*h + g = -0*h - 13. What is the highest common factor of h and 154?
7
Let c(d) = -d**3 + 6*d**2 + 3*d + 13. Let j be c(6). What is the greatest common divisor of 155 and j?
31
Let q be (9/12)/(2/8). Suppose -q*w = -2*w. Suppose -3*c + 0*c + 108 = w. Calculate the greatest common divisor of c and 9.
9
Let i(u) = 14*u**2 - 50*u - 329. Let z be i(-6). What is the highest common divisor of 100 and z?
25
Suppose 8*j - 15840 = -28*j. What is the highest common divisor of 275 and j?
55
Let n be ((-8)/32)/((-3)/24). Calculate the highest common factor of n and 64.
2
Suppose 103 = 9*o + 80*o + 14. Let d = 9 - 5. Let u = -3 + d. Calculate the greatest common factor of o and u.
1
Let i be -2*(-6)/(6/17). Let d = i - 26. What is the greatest common divisor of d and 1?
1
Suppose -c + 23*c - 39886 = 0. Calculate the highest common factor of c and 37.
37
Let f = -702 - -1802. Calculate the highest common divisor of f and 60.
20
Let r = 5 + -1. Suppose -r*h - 74 = 34. Let o = h + 54. What is the greatest common factor of o and 3?
3
Let n = 3 - 0. Let q = n + 1. Let z be 414/13 - (-26)/169. What is the greatest common divisor of z and q?
4
Suppose 72 = -6*z + 18*z. Let k(x) = x - 17. Let h(d) = -d + 26. Let i(q) = 5*h(q) + 8*k(q). Let y be i(z). Calculate the greatest common factor of 30 and y.
6
Suppose 2*n = 2*w + 406, -3*n - 3*w + 203 = -2*n. Calculate the greatest common divisor of 7 and n.
7
Let b = 385 - 241. Let n = 14 - -2. Calculate the highest common factor of n and b.
16
Let t(o) = o + 9. Let m be t(-7). Let g be ((-2)/5)/(m/(-60)). Calculate the greatest common divisor of g and 60.
12
Let j(q) = 44*q**3 - 154 - 159 + 314. Let z be j(1). Calculate the greatest common divisor of 30 and z.
15
Let d = -23 + 32. Let g(w) = -18*w + 28*w + 8*w**2 + 4*w - 5 - w**3. Let i be g(d). What is the greatest common factor of 8 and i?
8
Let q = 4 + 1. Suppose -q*t - 44 = -3*t. Let y = 32 + t. Calculate the greatest common factor of 5 and y.
5
Suppose -57*k - 220 = -4495. Calculate the greatest common divisor of 390 and k.
15
Suppose -2*b - 3*b + 55 = 0. Suppose -4*t + 3*y + 399 = 0, -16*t - 2*y = -22*t + 596. What is the greatest common divisor of b and t?
11
Suppose 4*a - 1470 + 390 = 0. What is the greatest common divisor of a and 80?
10
Let o be 2/(-9) + (-4 - (-380)/9). Calculate the greatest common divisor of 342 and o.
38
Suppose -f + 5*l + 15 = 12, -3*f + 2*l + 61 = 0. Calculate the highest common factor of f and 1403.
23
Suppose -2*s - 2*s = -864. Let r be ((-27)/(4 + -3))/(13/(-13)). Calculate the greatest common factor of s and r.
27
Let i be 9160/42 - (800/336)/25. Calculate the highest common divisor of 1 and i.
1
Let s be (-18)/(-7 + 6 - 1). Let h be 130/6 - (-2)/(-3). Calculate the greatest common divisor of h and s.
3
Let g(j) = 2*j + 5. Let f be g(-1). Let a be 58 - f/(-6)*2*2. Calculate the greatest common factor of 40 and a.
20
Let i(d) be the first derivative of -d**2 + 7*d + 37. Let r(o) = -o**2 - o - 14. Let z be r(0). Let k be i(z). What is the highest common factor of 14 and k?
7
Let k(o) = o**3 - 8*o**2 + 2*o. Let z be k(9). Suppose 0*w = -w + z. Let p be (-4)/(-10) + 43/5. Calculate the highest common factor of w and p.
9
Suppose -4*k - 5*k = 3780. Let u be (-4)/6 - k/9. What is the greatest common divisor of 115 and u?
23
Let j = -1 + 2. Let i(n) = 0 + n**2 + 1 + 5988*n + 104*n**3 - 5989*n. Let u be i(j). Calculate the greatest common factor of u and 21.
21
Suppose -4*o + 13 = -3. Let t = -132 - -133. What is the highest common divisor of o and t?
1
Suppose 0 = 4*h - 5*z - 112, 3*h - 76 = -h - 4*z. Suppose -m + h + 17 = 0. What is the highest common divisor of m and 4?
4
Let f = 1370 + -1331. Let g = 9 - 13. Let x be (-51)/g - (-1)/4. Calculate the highest common factor of x and f.
13
Let g = -293 - -540. Calculate the highest common factor of g and 26.
13
Let a(h) = -h + 26. Let x be a(-16). Calculate the highest common factor of 189 and x.
21
Let x be 1 + -2 + (-32)/((-5)/5). Suppose -x + 174 = s. What is the highest common divisor of 11 and s?
11
Suppose 5*g + 0*g = z - 54, g - 97 = -2*z. Let v = z + -30. What is the greatest common factor of 19 and v?
19
Let i = 263 - 178. Let r be 31 + 1 - 6/(-3). Calculate the highest common divisor of r and i.
17
Let a(x) = x**3 + 15*x**2 + 12*x - 23. Let j be a(-14). Calculate the greatest common divisor of 45 and j.
5
Suppose -2*l = -4*l + 352. Suppose 2*o - 4*o + 132 = 3*g, -l = -4*g + o. What is the highest common factor of g and 44?
44
Let k be 1/((-1)/(-209)) + -1. Suppose 4*y - 119 = 3*g, 4*y + 48*g = 50*g + 114. Calculate the highest common divisor of y and k.
26
Let b(t) = -t**3 + 3*t**2 + 4*t + 2. Let z be b(4). Let y be (z + 33/(-12))*-4. Calculate the highest common factor of y and 9.
3
Suppose -43*f + 50*f = 1071. What is the highest common divisor of 255 and f?
51
Suppose 2*p - 25 = p. Let r = -20 + p. Suppose -u + 22 = k, -5*u + 34 = -4*u - r*k. Calculate the greatest common factor of u and 48.
24
Let m(w) = 3*w - 24. Suppose 4*o = 3*g + o - 24, 2*o - 39 = -3*g. Let k be m(g). Calculate the highest common factor of 9 and k.
9
Let k be 5 + 0/(-6 + 0). Calculate the highest common factor of k and 55.
5
Let s = 307 + -278. Calculate the greatest common factor of s and 29.
29
Suppose 2*j = 2*d - 14, 5*d + 6 = -2*j - 15. Let u be 42*1*j/12. Let g be 2/(((-5)/u)/5). What is the highest common divisor of g and 8?
8
Let a(g) = g**2 - 74*g + 612. Let b be a(8). Calculate the highest common factor of b and 231.
21
Let d(x) = x**2 + x - 1. Let m(t) = t**2 + 34*t + 22. Let q(r) = -3*d(r) + m(r). Let s be q(16). What is the greatest common factor of s and 99?
9
Suppose 3*n = -2*p + 27, 2*p + 8*n = 3*n + 21. Let x(r) = -r + 33. Let t be x(p). What is the greatest common divisor of 60 and t?
15
Let i = -42 - -38. Let k(p) = p**3 + 8*p**2 + 2*p. Let w be k(i). S